{"id":10,"date":"2021-06-17T17:48:56","date_gmt":"2021-06-17T17:48:56","guid":{"rendered":"https:\/\/www.inverter.com.tr\/?page_id=10"},"modified":"2021-07-24T09:48:16","modified_gmt":"2021-07-24T06:48:16","slug":"my-account","status":"publish","type":"page","link":"https:\/\/www.inverter.com.tr\/?page_id=10","title":{"rendered":"Hesab\u0131m"},"content":{"rendered":"<p>[woocommerce_my_account]<\/p>\n","protected":false},"excerpt":{"rendered":"[woocommerce_my_account]","protected":false},"author":1,"featured_media":0,"parent":0,"menu_order":0,"comment_status":"closed","ping_status":"closed","template":"","meta":{"_regular_price":[],"currency_symbol":[],"_monsterinsights_skip_tracking":false,"_monsterinsights_sitenote_active":false,"_monsterinsights_sitenote_note":"","_monsterinsights_sitenote_category":0,"spay_email":"","footnotes":""},"class_list":["post-10","page","type-page","status-publish","hentry"],"post_slider_layout_featured_media_urls":{"thumbnail":"","post_slider_layout_landscape_large":"","post_slider_layout_portrait_large":"","post_slider_layout_square_large":"","post_slider_layout_landscape":"","post_slider_layout_portrait":"","post_slider_layout_square":"","full":""},"jetpack-related-posts":[{"id":511,"url":"https:\/\/www.inverter.com.tr\/?page_id=511","url_meta":{"origin":10,"position":0},"title":"Hesab\u0131m","date":"15\/05\/2017","format":false,"excerpt":"[woocommerce_my_account]","rel":"","context":"Benzer yaz\u0131","img":{"alt_text":"","src":"","width":0,"height":0},"classes":[]},{"id":3,"url":"https:\/\/www.inverter.com.tr\/?page_id=3","url_meta":{"origin":10,"position":1},"title":"Gizlilik ve G\u00fcvenlik Politikam\u0131z","date":"15\/06\/2021","format":false,"excerpt":"Biz Kimiz Atakale invert\u00f6r tamir bak\u0131m onar\u0131m merkezi ile iglili firmam\u0131z hakk\u0131nda bilgi alabilirsiniz: https:\/\/www.inverter.com.tr. Yorumlar Hakk\u0131m\u0131zdaki yorumlar ve yorum yazma iste\u011finiz:\u00a0\u00a0Sitemize giren t\u00fcm ziyaret\u00e7ilerimizin IP adresleri kaydedilmektedir. Yapm\u0131\u015f oldu\u011funuz yorumlar aramalar ve sayfalar\u0131m\u0131zla ilgili gezmi\u015f oldu\u011funuz yerler kaydedilmektedir. Bu bilgileri ticari ve istatistiki bilgi olarak taraf\u0131m\u0131zdan kullan\u0131lmakta, arama motorlar\u0131\u2026","rel":"","context":"Benzer yaz\u0131","img":{"alt_text":"","src":"","width":0,"height":0},"classes":[]}],"_links":{"self":[{"href":"https:\/\/www.inverter.com.tr\/index.php?rest_route=\/wp\/v2\/pages\/10","targetHints":{"allow":["GET"]}}],"collection":[{"href":"https:\/\/www.inverter.com.tr\/index.php?rest_route=\/wp\/v2\/pages"}],"about":[{"href":"https:\/\/www.inverter.com.tr\/index.php?rest_route=\/wp\/v2\/types\/page"}],"author":[{"embeddable":true,"href":"https:\/\/www.inverter.com.tr\/index.php?rest_route=\/wp\/v2\/users\/1"}],"replies":[{"embeddable":true,"href":"https:\/\/www.inverter.com.tr\/index.php?rest_route=%2Fwp%2Fv2%2Fcomments&post=10"}],"version-history":[{"count":2,"href":"https:\/\/www.inverter.com.tr\/index.php?rest_route=\/wp\/v2\/pages\/10\/revisions"}],"predecessor-version":[{"id":2065,"href":"https:\/\/www.inverter.com.tr\/index.php?rest_route=\/wp\/v2\/pages\/10\/revisions\/2065"}],"wp:attachment":[{"href":"https:\/\/www.inverter.com.tr\/index.php?rest_route=%2Fwp%2Fv2%2Fmedia&parent=10"}],"curies":[{"name":"wp","href":"https:\/\/api.w.org\/{rel}","templated":true}]}}